
Let p(a) = -a**3 - 25*a**2 + 121*a + 7. Determine p(-29).
-138
Let y(h) = -6*h**3 - 225*h**2 - 143*h - 1184. Determine y(-37).
0
Let s(v) = -2*v**3 - 628*v**2 - 779*v - 47884. Determine s(-313).
5
Let l(r) = 44*r - 2261. Give l(51).
-17
Let a(o) = -117*o + 2824. Calculate a(22).
250
Let l(w) = -w**2 + 31*w + 215. Calculate l(-18).
-667
Let a(i) = 4*i**2 - 4110*i + 614239. What is a(846)?
43
Let s(p) = -397*p + 145828. Determine s(367).
129
Let s(o) = -2015*o - 23427. Give s(-9).
-5292
Let o(t) = -76519*t + 382655. What is o(5)?
60
Let z(b) = -b**3 - 147*b**2 + 5379*b - 7966. Calculate z(29).
9
Let o(f) = -f**2 - 123023*f - 13520424. Determine o(-110).
6
Let k(z) = 38120*z - 305186. Give k(8).
-226
Let h(g) = -g**3 + 8*g**2 + 12*g - 84. Determine h(8).
12
Let z(j) = 2*j**3 - 73*j**2 + 15485*j - 574315. Determine z(37).
-1
Let m(u) = -280*u**2 - 2837*u - 395. Give m(-10).
-25
Let k(a) = 4*a**2 + 64*a - 1372. Determine k(12).
-28
Let s(h) = -3178*h - 447. What is s(-1)?
2731
Let v(h) = -234*h + 1734. Calculate v(7).
96
Let y(s) = -s**2 + 1761*s - 53622. Calculate y(31).
8
Let y(i) = 16*i**3 - 14*i**2 - 123*i + 380. Give y(3).
317
Let l(r) = -2718*r + 149471. Calculate l(55).
-19
Let a(z) = 47*z**2 - 112*z + 24. Determine a(2).
-12
Let a(y) = 6927*y - 16957301. Calculate a(2448).
-5
Let m(b) = 111*b**2 + 1889*b + 1810. Calculate m(-16).
2
Let x(d) = d**3 + 286*d**2 - 121*d + 47650. Give x(-287).
8
Let f(b) = b**3 + 31*b**2 - 4*b + 41. What is f(-32)?
-855
Let m(g) = -2982*g + 20046. Give m(7).
-828
Let a(l) = 456*l + 21016. Determine a(-46).
40
Let x(r) = -4*r**2 + 99*r - 486. Give x(18).
0
Let g(k) = k**3 + 7*k**2 + 302*k + 2432. Determine g(-9).
-448
Let y(a) = 5*a**2 - 6*a - 6685. Give y(-36).
11
Let d(s) = -1017*s + 4124. Give d(4).
56
Let r(u) = -229744*u - 30096461. Determine r(-131).
3
Let m(d) = -18422*d**2 - 110521*d + 74. Give m(-6).
8
Let v(d) = -d**3 + 97*d**2 + 238*d + 6202. Give v(100).
2
Let a(k) = 452814*k + 16301304. Calculate a(-36).
0
Let r(p) = -16127*p + 919425. Give r(57).
186
Let p(i) = -982*i + 16595. Determine p(16).
883
Let s(w) = 9*w**3 - 960*w**2 + 616*w + 2083. Give s(106).
-37
Let f(p) = 2816*p**2 - 3215873*p + 1144. What is f(1142)?
2
Let m(r) = -r**3 + 56*r**2 + 408*r - 25469. What is m(55)?
-4
Let p(d) = -23703*d + 165902. Give p(7).
-19
Let u(i) = 6131*i - 480. Determine u(0).
-480
Let v(o) = -661*o**2 + 12553*o - 11. Calculate v(19).
-125
Let o(s) = -4717*s + 594309. What is o(126)?
-33
Let w(i) = i**2 + 101*i - 35662. What is w(-246)?
8
Let p(u) = 2848*u + 199362. What is p(-70)?
2
Let a(g) = -18*g**2 - 437*g - 115. Calculate a(-23).
414
Let a(n) = 260*n**3 - 95*n**2 - 106*n - 11. Calculate a(-1).
-260
Let s(c) = -c**2 + 4919*c - 429901. Give s(89).
-31
Let c(a) = 74*a**2 + 1626*a - 49. Give c(-23).
1699
Let m(n) = -11*n**2 + 1392*n + 205. Give m(125).
2330
Let s(y) = -y**2 + 217957*y + 217959. Give s(-1).
1
Let z(o) = -56498*o - 282498. Give z(-5).
-8
Let o(l) = 13861*l - 942565. Determine o(68).
-17
Let k(s) = -14*s**3 - 112*s**2 + 19*s + 187. Give k(-8).
35
Let k(h) = 28*h**2 - 1740*h + 319. Calculate k(62).
71
Let r(l) = -166*l - 732. What is r(-4)?
-68
Let j(k) = -558*k + 41959. Determine j(75).
109
Let b(i) = -429*i + 2352. Give b(6).
-222
Let n(g) = 2*g**3 + 194*g**2 - 180*g + 1446. What is n(-98)?
-122
Let s(z) = 89*z - 6660. Give s(76).
104
Let m(s) = 781*s + 35136. What is m(-45)?
-9
Let n(u) = 112*u - 7665. Give n(67).
-161
Let o(q) = -44*q**2 + 47*q - 71. Give o(5).
-936
Let w(x) = 2*x**3 - 237*x**2 + 466*x - 13461. Calculate w(117).
-6
Let p(u) = -528863*u + 5288633. Determine p(10).
3
Let p(c) = -13*c**2 - 463*c + 461. Calculate p(-36).
281
Let q(y) = -y**3 + 7*y**2 + 32722*y - 229084. Determine q(7).
-30
Let s(l) = 1339*l - 124533. Give s(93).
-6
Let r(j) = -2*j**3 + 267*j**2 - 154*j + 2403. What is r(133)?
-390
Let y(p) = -p**2 + 799*p - 14160. What is y(18)?
-102
Let f(l) = -32*l**2 + 2186*l - 165. Give f(68).
515
Let u(l) = -2*l**3 - 34*l**2 + 184*l + 1888. Calculate u(-6).
-8
Let z(k) = 16*k**2 - 334*k + 1610. What is z(7)?
56
Let d(p) = -21564*p - 19587. What is d(-1)?
1977
Let z(w) = 5*w**2 - 293*w - 593. Calculate z(-2).
13
Let q(v) = -2*v**3 + 94*v**2 + 306*v - 240. Give q(50).
60
Let q(l) = -2*l**3 - 164*l**2 - 1915*l - 8351. Determine q(-69).
-2
Let u(h) = -13657*h**3 - 163886*h**2 - 26*h - 16. What is u(-12)?
8
Let f(u) = 250361*u + 3004342. Determine f(-12).
10
Let u(i) = -10*i**2 - 1280*i + 1069. What is u(-130)?
-1531
Let s(p) = -16684*p - 200213. Give s(-12).
-5
Let c(i) = 1097*i + 579223. Give c(-528).
7
Let v(j) = -159*j**3 - 3*j**2 - 11*j - 8. Determine v(-2).
1274
Let p(g) = 10*g**3 - 60*g**2 - 251*g + 1381. Calculate p(6).
-125
Let b(w) = -1121*w**2 + 6680*w - 7. Determine b(6).
-283
Let v(r) = -154*r**2 + 1099*r - 1572. Determine v(2).
10
Let d(q) = -4*q**2 - 3611*q + 142998. Determine d(38).
4
Let h(j) = -j**2 - 54140*j - 3514880. Determine h(-65).
-5
Let b(j) = 2*j**2 + 160*j + 3017. Determine b(-22).
465
Let o(k) = 5*k**3 + 2*k**2 - 20*k - 228. Determine o(-5).
-703
Let v(j) = -21*j**2 + 15*j + 7060. What is v(-18)?
-14
Let y(w) = 763132*w - 40445999. Calculate y(53).
-3
Let m(k) = -18*k**2 - 5844*k + 68536. Calculate m(-336).
-8
Let b(v) = -2*v**3 + 4*v**2 - 68*v - 39. Give b(0).
-39
Let k(d) = d**3 - 219*d**2 - 1439*d + 19333. Give k(225).
-692
Let c(y) = -19*y**2 - 5230*y - 27005. Give c(-270).
-5
Let s(j) = 2*j**3 + 29*j**2 + 104*j + 1395. What is s(-13)?
550
Let c(w) = 17*w**2 + 132*w - 55. Determine c(-9).
134
Let k(q) = -39*q - 2735. What is k(-71)?
34
Let o(t) = -t**2 + 68*t + 5657. Calculate o(116).
89
Let a(w) = -706*w + 9345. Determine a(13).
167
Let k(l) = 22*l**2 - 242*l - 89. Determine k(11).
-89
Let w(h) = -14*h**2 + 455*h + 1757. Determine w(-4).
-287
Let a(v) = 3*v**2 + 1949*v - 128483. What is a(-710)?
27
Let l(r) = -5*r**3 + 45*r**2 - 70*r + 708. Give l(9).
78
Let m(c) = c**3 + 119*c**2 + 99*c - 542. What is m(-118)?
1700
Let y(t) = -t**2 + 23270*t + 46533. What is y(-2)?
-11
Let b(i) = -i**3 + 22*i**2 - 437*i + 14054. Give b(26).
-12
Let c(l) = 90*l**2 - 22503*l + 765. Calculate c(250).
15
Let s(c) = 338*c - 9321. Determine s(27).
-195
Let r(h) = 1297*h - 237097. Determine r(183).
254
Let w(t) = -9*t**3 - 11*t + 14. Calculate w(4).
-606
Let w(b) = -81*b + 3362. Determine w(35).
527
Let r(l) = -42*l**3 - 109*l**2 - 305*l + 1. Determine r(-3).
1069
Let n(i) = 928220*i + 6497549. Calculate n(-7).
9
Let j(b) = 8*b**2 + 559*b + 9398. What is j(-28)?
18
Let v(r) = -r**3 + 40*r - 1483. Determine v(0).
-1483
Let a(m) = -26*m**2 - 117*m + 42. Determine a(-9).
-1011
Let x(d) = 22*d - 80. Give x(10).
140
Let r(u) = -5*u**3 - 101*u**2 + 21*u + 41. Give r(-21).
1364
Let j(q) = 12037*q - 167417. Calculate j(14).
1101
Let g(s) = 1943*s + 1457410. Calculate g(-750).
160
Let c(o) = -12910*o - 25687. Calculate c(-2).
133
Let o(w) = -w**3 - 318*w**2 + 2754*w + 1069989. Determine o(-316).
13
Let f(h) = h**3 - 366*h**2 - 5475*h - 2154. Calculate f(-14).
16
Let d(j) = -5*j**2 + 1947*j + 3906. Determine d(-2).
-8
Let i(u) = -2*u**2 + 2917*u - 274226. Calculate i(101).
-11
Let z(k) = 14216*k - 1506739. Determine z(106).
157
Let a(c) = 2*c**3 + 166*c**2 + 197*c + 16426. Give a(-83).
75
Let h(y) = 5232*y + 9612. Calculate h(-2).
-852
Let h(i) = -i**3 + 58*i**2 + 10890*i - 623956. Give h(57).
23
Let y(m) = 4*m**2 + 450*m - 68848. What is y(-199)?
6
Let a(l) = -l**3 + 34*l**2 - 159*l - 1143. Calculate a(12).
117
Let v(j) = 5*j**2 + 2*j - 776. What is v(-15)?
319
Let g(n) = -520*n - 34263. What is g(-67)?
577
Let q(u) = 4*u**3 + 5*u**2 - 76*u - 230. Give q(-4).
-102
Let b(f) = 5*f**3 + 82*f**2 + 4513*f + 71701. Give b(-16).
5
Let t(o) = 11172*o + 245761. Determine t(-22).
-23
Let l(w) = 4571*w + 27197. Calculate l(-6).
-229
Let x(i) = -311*i**2 - 149*i + 463. What is x(3)?
-2783
Let m(v) = -41*v**2 + 11237*v - 843. Calculate m(274).
-21
Let p(c) = -508*c + 34118. Give p(60).
3638
Let v(w) = 334*w + 22051. Give v(-66).
7
Let x(m) = m**2 - 475*m + 34688. Give x(90).
38
Let f(z) = -z**2 + 162*z + 5047. What is f(183)?
1204
Let l(d) = -d**3 - 16*d**2 + 186*d + 26. What is l(8)?
-22
Let i(m) = 542*m + 19597. Calculate i(-37).
-457
Let z(g) = 52*g**2 + 104*g + 103. Determine z(-1).
